t is the units digit of d(s)?
4
Let s(o) be the second derivative of -o**4/6 + 4*o**3/3 - 3*o**2/2 - 15*o. Let l be s(4). What is the units digit of ((-2)/l*-2)/(8/(-588))?
8
Let v = -80 + 114. Suppose -4*p + 2*l = -1848, 4*p + 5*l - 1868 = -v. What is the units digit of p?
1
Suppose -6*p - 9 = -7*p. Suppose 0 = l - 5*u - 20 - 48, 3*u = p. Suppose 63 = 2*m - l. What is the units digit of m?
3
Suppose 2 = 5*t - 13. Suppose -m = w - 8*m, 0 = -4*w + 2*m + 2*m. Suppose w = p - t*p + 72. What is the units digit of p?
6
Suppose -5*j + 1864 + 68253 = 3*x, 3*x - 5*j - 70127 = 0. What is the tens digit of x?
7
Let q(r) = -5*r + 9. Let o be q(-3). Suppose -16*i + 27*i + 1628 = 0. Let l = o - i. What is the tens digit of l?
7
Let m = 602 - 602. Suppose 4*i - r - 1041 = m, 7*r + 1059 = 4*i + 12*r. What is the hundreds digit of i?
2
Suppose 791 + 977 = 17*m. Suppose m = -3*s + 395. What is the tens digit of s?
9
Let m be 24/((24/606)/2). Suppose m = 7*t - 2715. What is the hundreds digit of t?
5
What is the hundreds digit of 167 - (-11)/((-165)/(-270))?
1
Let h(m) = 2*m - 42. Let u be h(22). Suppose -8*d - u*d = -3230. What is the tens digit of d?
2
Suppose -119262 = -17*l + 534456. What is the units digit of l?
4
Suppose 6*m = 2*n + 4*m - 42, -2*m = 3*n - 83. Suppose 6455 - 380 = n*j. What is the hundreds digit of j?
2
Let t(g) be the first derivative of -g**2 + 16*g + 20. Let a be t(7). Suppose a*l + 0*l = 12. What is the units digit of l?
6
What is the hundreds digit of (-1 - 1)/((-6)/((-125832)/(-7)))?
9
Let x(v) = 12*v + 7. Let g = -20 - 20. Let w = g + 43. What is the units digit of x(w)?
3
What is the hundreds digit of (-3)/((-135)/58041) - 4/(-20)?
2
Let n(k) = 250*k + 1341. What is the hundreds digit of n(24)?
3
Let b = 11249 + -2576. What is the thousands digit of b?
8
Let c(m) = -m**2 + 4*m + 465. Let h be c(0). Suppose -h - 411 = -4*k. What is the tens digit of k?
1
Let u = 9589 - 2336. What is the hundreds digit of u?
2
Suppose -184*h = 248*h - 14397264. What is the hundreds digit of h?
3
Let f = 25375 - 17369. What is the tens digit of f?
0
Suppose -3*x = 926 + 1. Let b = 1602 + x. What is the units digit of b?
3
Suppose 4*p + 965 = 2*i - 7*i, -4*p + 3*i - 989 = 0. Let h = p + 851. What is the tens digit of h?
0
Let v = -13118 - -15948. What is the tens digit of v?
3
Let k be ((-54)/135)/(2/60) + 0. What is the units digit of (4 - (-178)/(-8))/(1/k)?
9
Let l be 50/(((-5)/25)/((-5)/50)). Suppose -39649 = -l*q - 6*q. What is the thousands digit of q?
1
Suppose -4*q + 5*q = 5*j - 2603, 0 = -j - 4*q + 529. Let c = j - 235. What is the units digit of c?
6
Let k be 5/(-3) + 37210/6. Suppose 13*w + k = -7*w. Let a = -93 - w. What is the units digit of a?
7
Suppose 2*z - 23380 = -3*m, -54*m - 58500 = -5*z - 49*m. What is the ten thousands digit of z?
1
Suppose -5*n + 428967 = 3*f, -5*n = -3895*f + 3896*f - 428949. What is the thousands digit of n?
5
Suppose -i + 32 - 110 = 0. Let c = i - -299. What is the units digit of c?
1
Suppose 10683 - 79589 = -15*g + 14614. What is the hundreds digit of g?
5
Let m(c) = -8*c + 14*c**2 - 6 - 26*c**2 + 9*c**2. Let l(f) = 8*f**2 + 25*f + 17. Let q(r) = -4*l(r) - 11*m(r). What is the tens digit of q(-5)?
8
Let a(x) = x**3 + 69*x**2 - 330*x + 36. What is the tens digit of a(-71)?
8
Suppose 0 = -5*q - 2*c + 56, 0 = 2*q - 4*q + c + 17. What is the tens digit of 656/q - 34/595*-7?
6
Suppose 0 = 12*i - 537 + 1305. Let j = i - -252. What is the units digit of j?
8
Suppose 0 = 160*x - 30739 - 2207021. What is the ten thousands digit of x?
1
Let t(y) = 25*y + 36. Let a(p) = -p**2 + p + 1. Let w(n) = -2*n**2 + 7*n + 5. Let k(b) = -3*a(b) + w(b). Let o be k(-5). What is the tens digit of t(o)?
1
Suppose 0 = 6*g - 90 + 30. Suppose -g*n + 8*n + 12 = 0. Suppose n*b - b - 635 = 0. What is the hundreds digit of b?
1
Let v(c) = -c**3 - 8*c**2 - 11*c - 16. Let m be v(-6). Let x = 24 + m. Suppose 2*a = -x*w - 0*a + 194, -a + 3 = 0. What is the units digit of w?
4
What is the tens digit of (-1272)/(-106)*(-5737)/(-3)?
4
Let c = -3135 + 1819. What is the hundreds digit of (-85)/34*c/10?
3
Let i = 35 - 269. Let r = i + 84. What is the tens digit of -5*17/(85/r)?
5
Suppose 257593 - 151409 = -93*k + 1432178. What is the hundreds digit of k?
2
What is the tens digit of 6 - (-1 + 13 + -1417)?
1
Suppose y + 5*y = -3*y. Suppose -v = -5*n - 0*v + 608, 2*n - v - 245 = y. Suppose 2*o = 3*h - n, 2*h + 2*o = -17 + 111. What is the units digit of h?
3
Suppose 217 = 10*n - 33. Suppose -l = 3*j - n, l - 3*l - 20 = -4*j. Suppose -j*k = 13 - 1126. What is the hundreds digit of k?
1
Let g(k) = 32*k**2 + 47*k - 102. Let f(a) = 11*a**2 + 16*a - 34. Let n(t) = 7*f(t) - 2*g(t). What is the units digit of n(7)?
9
Let w(z) = z**3 + 33*z**2 + 33*z + 13. Let h be w(-32). What is the tens digit of (10 - (-1 + 10)) + (0 - h)?
2
Let g(a) = -3 + 3 + 4*a + 17*a**3 + 1 - 10*a**3. What is the hundreds digit of g(3)?
2
Let w = -19235 + 44608. What is the units digit of w?
3
Let k = 20152 - 10404. What is the units digit of k?
8
Let n = 4710 + 19672. What is the ten thousands digit of n?
2
Let r = 2146 - -28274. What is the thousands digit of r?
0
Let w(y) = y**3 - 10*y**2 + 3*y - 3. Let c be w(4). Let p = 88 + c. What is the units digit of (-12 - -447)*p/3?
5
Let h(j) = 141*j**2 - 4*j + 23. Let d = -150 + 153. What is the units digit of h(d)?
0
Let v(d) = 10*d - 2. Let m be v(1). Suppose m = -c + 3*h - 0*h, 5*c = 3*h - 16. What is the tens digit of (-1 - (-4 - c)) + (4 - -18)?
2
Suppose 17*q = 15*q - 32. Let y = -3 - q. Let t = 71 + y. What is the tens digit of t?
8
Let t = -675 - -724. Suppose 0 = t*w - 14319 - 10867. What is the tens digit of w?
1
Suppose -31*f - 33*f - 210282 = -3520106. What is the ten thousands digit of f?
5
Suppose 0 = -0*t - 2*t + 16. Suppose -t*q + 5*q = -q. Suppose 0 = -q*i - 7*i + 896. What is the hundreds digit of i?
1
Let v = -78 + 462. Let s = 224 + -221. Suppose r + 3*r + 2*g = v, -s*r + g + 288 = 0. What is the units digit of r?
6
Let d(u) = -896*u**2 + 2 - 2*u - 4*u + 923*u**2. Let a be d(2). Suppose 3 + a = s. What is the tens digit of s?
0
Let x(d) = -39072*d**3 + d**2 - 48*d - 49. What is the tens digit of x(-1)?
7
Suppose 3*f - 3916 = 4*k, -15*f + 5*k + 1309 = -14*f. Let w = f - 6. What is the tens digit of w?
9
Suppose -820 = -30*v + 60 - 40. Let z = 29 - -17. Let g = z - v. What is the units digit of g?
8
Let z = 53664 + -20345. What is the hundreds digit of z?
3
Suppose -50*q = -55*q + 45. Let z(k) = -k + 8. Let b be z(q). What is the tens digit of -117*(-1 + b/(-3))?
7
Let i(r) = -10*r**3 - 6*r - 4. Let x be i(-2). Suppose 312*n = 308*n + x. What is the units digit of n?
2
Suppose -3 = 3*f, 28*f + 10 = -k + 24*f. What is the units digit of (-1084)/(-5) - k/(-60)*-2?
7
Suppose 4*l + 4 = 0, 4*l + 116 = -4*f + 640. Suppose 4*g = 5*q - f, g + 0*q = -q - 24. Let y = 32 + g. What is the units digit of y?
4
Let o = 6929 + -3343. What is the thousands digit of o?
3
Suppose 14*j + 2 - 2 = 0. Suppose -74*p + 66*p + 4008 = j. What is the tens digit of p?
0
Let l(r) = -2*r**3 - 31*r**2 + 70*r + 93. What is the tens digit of l(-21)?
7
Suppose 0 = 2*i - i - 3*f - 1142, 4*i - 4523 = 3*f. Suppose -11*d + i = -4406. What is the units digit of d?
3
Let s(z) = 2*z + 15. Let v(k) = -k. Let q(p) = -s(p) - 4*v(p). Let t be q(10). Suppose -t*n + 66 = -219. What is the tens digit of n?
5
Let x = 283 - 140. Let j = 95 - x. Let r = -47 - j. What is the units digit of r?
1
Suppose 4*q - k - 45 - 384 = 0, -5*q + 555 = 5*k. Let j = q - 75. What is the tens digit of j?
3
Let u = 208 - 190. Let t(l) = l**3 - 12*l**2 - 37*l + 70. What is the units digit of t(u)?
8
Let n(i) = -i**2 + i - 542. Let o be n(0). Let y = o + 1212. What is the units digit of y?
0
Let c be 4/(-22) - (-8575)/275. What is the units digit of (-122)/305 + 137*c/5?
9
Suppose 8*a = 23*a - 165. Suppose -u + 1080 = 4*m, 2*m = -a*u + 9*u + 2142. What is the units digit of u?
8
Let y be 1*2/2*(713 + -206). Suppose -y*o - 2428 = -511*o. What is the hundreds digit of o?
6
Let x = 113 - 86. Suppose n + x = 237. What is the units digit of n?
0
Let s(u) = -u**3 - 5*u**2 - 9*u - 10. Let c be s(-4). What is the units digit of -1 - 16*(-85)/c?
5
What is the tens digit of (-10)/(-3) - (-31048400)/12